{"id":4341,"date":"2020-06-16T14:45:07","date_gmt":"2020-06-16T12:45:07","guid":{"rendered":"http:\/\/www.fosforoscienza.it\/?page_id=4341"},"modified":"2023-05-09T10:02:43","modified_gmt":"2023-05-09T08:02:43","slug":"illusioni-ottiche","status":"publish","type":"page","link":"https:\/\/www.fosforoscienza.it\/index.php\/cosa-facciamo\/pubblicazioni\/illusioni-ottiche\/","title":{"rendered":"Illusioni ottiche"},"content":{"rendered":"<div class=\"wpb-content-wrapper\"><p>[vc_row][vc_column width=&#8221;3\/6&#8243;][vc_single_image image=&#8221;4298&#8243; img_size=&#8221;400&#215;400&#8243; alignment=&#8221;right&#8221; css=&#8221;.vc_custom_1592311740401{padding-top: 50px !important;padding-bottom: 30px !important;}&#8221;][\/vc_column][vc_column width=&#8221;2\/6&#8243;][vc_custom_heading text=&#8221;ILLUSIONI OTTICHE&#8221; font_container=&#8221;tag:h3|text_align:left&#8221; use_theme_fonts=&#8221;yes&#8221;][vc_column_text]<em><strong>Autori:<\/strong> fosforo:<br \/>\n<strong>Illustrazioni:<\/strong> Rossella Trionfetti<\/em>[\/vc_column_text][vc_column_text]<em><strong>Edito da:<\/strong> White Star Kids<\/em>[\/vc_column_text][vc_column_text css=&#8221;.vc_custom_1619435978482{padding-top: 20px !important;padding-bottom: 20px !important;}&#8221;]L&#8217;apprendimento viene meglio attraverso l&#8217;esperienza, ancora meglio se i bambini possono farlo a casa. Con ingredienti semplici e facili da trovare i bambini sveleranno i segreti della scienza attraverso pratiche divertenti e reali. Due personaggi accompagneranno i bambini in questa serie colorata: il Professore insegner\u00e0 loro la spiegazione scientifica e il Piccolo Robot li guider\u00e0 nella pratica. Per ogni esperimento c&#8217;\u00e8 anche un &#8220;misuratore di disordine&#8221; per far sapere ai genitori quanto pu\u00f2 essere complicato l&#8217;esperimento!<\/p>\n<p><em>Il libro fa parte della collana &#8220;Let&#8217;s Experiment!&#8221;<\/em>[\/vc_column_text][vc_column_text css=&#8221;.vc_custom_1592311729495{padding-bottom: 20px !important;}&#8221;]<em>Puoi acquistarlo su Amazon <a href=\"https:\/\/www.amazon.it\/Optical-Illusions-Experiment-Mattia-Crivellini\/dp\/8854417300\/ref=sr_1_fkmr0_2?__mk_it_IT=%C3%85M%C3%85%C5%BD%C3%95%C3%91&amp;dchild=1&amp;keywords=LET%27S+EXPERIMENTI+OPTICAL&amp;qid=1592311711&amp;sr=8-2-fkmr0\">CLICCANDO QUI<\/a>! ??<\/em>[\/vc_column_text][\/vc_column][vc_column width=&#8221;1\/6&#8243;][\/vc_column][\/vc_row]<\/p>\n<\/div>","protected":false},"excerpt":{"rendered":"<p>[vc_row][vc_column width=&#8221;3\/6&#8243;][vc_single_image image=&#8221;4298&#8243; img_size=&#8221;400&#215;400&#8243; alignment=&#8221;right&#8221; css=&#8221;.vc_custom_1592311740401{padding-top: 50px !important;padding-bottom: 30px !important;}&#8221;][\/vc_column][vc_column width=&#8221;2\/6&#8243;][vc_custom_heading text=&#8221;ILLUSIONI OTTICHE&#8221; font_container=&#8221;tag:h3|text_align:left&#8221; use_theme_fonts=&#8221;yes&#8221;][vc_column_text]Autori: fosforo: Illustrazioni: Rossella Trionfetti[\/vc_column_text][vc_column_text]Edito da: White Star Kids[\/vc_column_text][vc_column_text css=&#8221;.vc_custom_1619435978482{padding-top: 20px !important;padding-bottom: 20px !important;}&#8221;]L&#8217;apprendimento viene meglio attraverso l&#8217;esperienza, ancora meglio se i bambini possono farlo a casa. Con ingredienti semplici e facili da trovare i bambini sveleranno i segreti della scienza&hellip;<\/p>\n","protected":false},"author":1,"featured_media":0,"parent":4256,"menu_order":0,"comment_status":"closed","ping_status":"closed","template":"","meta":{"_monsterinsights_skip_tracking":false,"_monsterinsights_sitenote_active":false,"_monsterinsights_sitenote_note":"","_monsterinsights_sitenote_category":0,"footnotes":""},"class_list":["post-4341","page","type-page","status-publish","hentry","description-off"],"_links":{"self":[{"href":"https:\/\/www.fosforoscienza.it\/index.php\/wp-json\/wp\/v2\/pages\/4341","targetHints":{"allow":["GET"]}}],"collection":[{"href":"https:\/\/www.fosforoscienza.it\/index.php\/wp-json\/wp\/v2\/pages"}],"about":[{"href":"https:\/\/www.fosforoscienza.it\/index.php\/wp-json\/wp\/v2\/types\/page"}],"author":[{"embeddable":true,"href":"https:\/\/www.fosforoscienza.it\/index.php\/wp-json\/wp\/v2\/users\/1"}],"replies":[{"embeddable":true,"href":"https:\/\/www.fosforoscienza.it\/index.php\/wp-json\/wp\/v2\/comments?post=4341"}],"version-history":[{"count":4,"href":"https:\/\/www.fosforoscienza.it\/index.php\/wp-json\/wp\/v2\/pages\/4341\/revisions"}],"predecessor-version":[{"id":6109,"href":"https:\/\/www.fosforoscienza.it\/index.php\/wp-json\/wp\/v2\/pages\/4341\/revisions\/6109"}],"up":[{"embeddable":true,"href":"https:\/\/www.fosforoscienza.it\/index.php\/wp-json\/wp\/v2\/pages\/4256"}],"wp:attachment":[{"href":"https:\/\/www.fosforoscienza.it\/index.php\/wp-json\/wp\/v2\/media?parent=4341"}],"curies":[{"name":"wp","href":"https:\/\/api.w.org\/{rel}","templated":true}]}}