{"id":6091,"date":"2021-04-26T13:07:27","date_gmt":"2021-04-26T11:07:27","guid":{"rendered":"http:\/\/www.fosforoscienza.it\/?page_id=6091"},"modified":"2023-05-09T10:02:45","modified_gmt":"2023-05-09T08:02:45","slug":"supernumeri-e-ultraforme-2","status":"publish","type":"page","link":"https:\/\/www.fosforoscienza.it\/index.php\/cosa-facciamo\/pubblicazioni\/supernumeri-e-ultraforme-2\/","title":{"rendered":"Supernumeri e ultraforme"},"content":{"rendered":"<div class=\"wpb-content-wrapper\"><p>[vc_row][vc_column width=&#8221;3\/6&#8243;][vc_single_image image=&#8221;6083&#8243; img_size=&#8221;400&#215;400&#8243; alignment=&#8221;right&#8221; css=&#8221;.vc_custom_1619435523058{padding-top: 50px !important;padding-bottom: 30px !important;}&#8221;][\/vc_column][vc_column width=&#8221;2\/6&#8243;][vc_custom_heading text=&#8221;SUPERNUMERI E ULTRAFORME&#8221; font_container=&#8221;tag:h3|text_align:left&#8221; use_theme_fonts=&#8221;yes&#8221;][vc_column_text]<em><strong>Autori:<\/strong> fosforo:<br \/>\n<strong>Illustrazioni:<\/strong> <span class=\"author notFaded\" data-width=\"\"><span class=\"contribution\"><span class=\"a-color-secondary\">\u00a0<\/span><\/span><\/span><span class=\"author notFaded\" data-width=\"\">Agnese Baruzzi<\/span><\/em>[\/vc_column_text][vc_column_text]<em><strong>Edito da:<\/strong> White Star Kids<\/em>[\/vc_column_text][vc_column_text css=&#8221;.vc_custom_1619435996662{padding-top: 20px !important;padding-bottom: 20px !important;}&#8221;]Con il suo groviglio di numeri, forme, quantit\u00e0 e altri concetti complessi, la matematica pu\u00f2 sembrare spaventosa agli occhi di un bambino&#8230; ma non di un supereroe! Questo nuovo titolo della serie Pazzi per la matematica, dedicato ai piccoli in et\u00e0 prescolare, li aiuta a familiarizzare con i concetti di base dell\u2019aritmetica e della geometria. Attraverso una serie di giochi divertenti e attivit\u00e0 stimolanti, i bambini vestiranno i panni di un supereroe impegnato in appassionanti missioni che metteranno alla prova la sua abilit\u00e0 con numeri, forme, quantit\u00e0, dimensioni&#8230; Per vincere la propria sfida con la matematica! Et\u00e0 di lettura: da 4 anni.<\/p>\n<p><em>Il libro fa parte della collana &#8220;Pazzi per la matematica!&#8221;<\/em>[\/vc_column_text][vc_column_text css=&#8221;.vc_custom_1619435684994{padding-bottom: 20px !important;}&#8221;]<em>Puoi acquistarlo su Amazon <a href=\"https:\/\/amzn.to\/3sDEu6t\">CLICCANDO QUI<\/a>! ??<\/em>[\/vc_column_text][\/vc_column][vc_column width=&#8221;1\/6&#8243;][\/vc_column][\/vc_row]<\/p>\n<\/div>","protected":false},"excerpt":{"rendered":"<p>[vc_row][vc_column width=&#8221;3\/6&#8243;][vc_single_image image=&#8221;6083&#8243; img_size=&#8221;400&#215;400&#8243; alignment=&#8221;right&#8221; css=&#8221;.vc_custom_1619435523058{padding-top: 50px !important;padding-bottom: 30px !important;}&#8221;][\/vc_column][vc_column width=&#8221;2\/6&#8243;][vc_custom_heading text=&#8221;SUPERNUMERI E ULTRAFORME&#8221; font_container=&#8221;tag:h3|text_align:left&#8221; use_theme_fonts=&#8221;yes&#8221;][vc_column_text]Autori: fosforo: Illustrazioni: \u00a0Agnese Baruzzi[\/vc_column_text][vc_column_text]Edito da: White Star Kids[\/vc_column_text][vc_column_text css=&#8221;.vc_custom_1619435996662{padding-top: 20px !important;padding-bottom: 20px !important;}&#8221;]Con il suo groviglio di numeri, forme, quantit\u00e0 e altri concetti complessi, la matematica pu\u00f2 sembrare spaventosa agli occhi di un bambino&#8230; ma non di un supereroe!&hellip;<\/p>\n","protected":false},"author":1,"featured_media":0,"parent":4256,"menu_order":0,"comment_status":"closed","ping_status":"closed","template":"","meta":{"_monsterinsights_skip_tracking":false,"_monsterinsights_sitenote_active":false,"_monsterinsights_sitenote_note":"","_monsterinsights_sitenote_category":0,"footnotes":""},"class_list":["post-6091","page","type-page","status-publish","hentry","description-off"],"_links":{"self":[{"href":"https:\/\/www.fosforoscienza.it\/index.php\/wp-json\/wp\/v2\/pages\/6091","targetHints":{"allow":["GET"]}}],"collection":[{"href":"https:\/\/www.fosforoscienza.it\/index.php\/wp-json\/wp\/v2\/pages"}],"about":[{"href":"https:\/\/www.fosforoscienza.it\/index.php\/wp-json\/wp\/v2\/types\/page"}],"author":[{"embeddable":true,"href":"https:\/\/www.fosforoscienza.it\/index.php\/wp-json\/wp\/v2\/users\/1"}],"replies":[{"embeddable":true,"href":"https:\/\/www.fosforoscienza.it\/index.php\/wp-json\/wp\/v2\/comments?post=6091"}],"version-history":[{"count":4,"href":"https:\/\/www.fosforoscienza.it\/index.php\/wp-json\/wp\/v2\/pages\/6091\/revisions"}],"predecessor-version":[{"id":6112,"href":"https:\/\/www.fosforoscienza.it\/index.php\/wp-json\/wp\/v2\/pages\/6091\/revisions\/6112"}],"up":[{"embeddable":true,"href":"https:\/\/www.fosforoscienza.it\/index.php\/wp-json\/wp\/v2\/pages\/4256"}],"wp:attachment":[{"href":"https:\/\/www.fosforoscienza.it\/index.php\/wp-json\/wp\/v2\/media?parent=6091"}],"curies":[{"name":"wp","href":"https:\/\/api.w.org\/{rel}","templated":true}]}}